*3 - 4*p**2 + p - 1. What is q(m)?
19
Let z(k) = k**3 - 6*k**2 + 4*k + 7. Let o(x) = x**2 - 6*x - 3. Let n be o(3). Let d = n - -30. Let j = d - 13. Give z(j).
2
Let f(l) be the first derivative of -1/2*l**2 + 3*l - 3. Suppose 3 - 15 = -2*h. Calculate f(h).
-3
Let f(m) = 13*m - 8*m + 5*m - 7*m + 1. What is f(7)?
22
Let j(y) = -3*y**2 - 8*y - 15. Suppose -7*z - 102 + 88 = 0. What is j(z)?
-11
Let k = -42 - -46. Suppose k*w - 2*b + 5*b = -33, 5*b = 5. Let g(t) = -t - 9. What is g(w)?
0
Let j(g) = -19*g**3 - 2*g**2 + g. Let f = 685 - 684. Calculate j(f).
-20
Suppose 17075*b = 17077*b + 6. Let t(u) = -u**2 + u - 1. Let y(k) = 2*k**2 - 8*k + 4. Let x(v) = 3*t(v) + y(v). Calculate x(b).
7
Let p = 2 + 4. Let v(r) = -2*r - 2. Let g(s) = 2*s. Let n(a) = 5*g(a) + 4*v(a). Determine n(p).
4
Let v = 41 - 44. Let w be -1 - (-2 + 4/(-2)). Let r(q) = -w + 0*q**2 - 4*q**2 + q**3 - 2*q - 2*q**3. What is r(v)?
-6
Let t(l) = 3*l**2 - 20*l - 7. Suppose 59 = 38*d - 207. Determine t(d).
0
Let a(q) = -q**2 + 2. Let s(k) = 6*k - 12. Let o(z) = 7*z - 11. Let x(y) = 5*o(y) - 6*s(y). Let b be x(17). Calculate a(b).
2
Let h(g) be the first derivative of 3*g**2 - 7*g + 389. Determine h(3).
11
Let j(i) = 7*i**3 - 14*i**2 + 14*i - 12. Let m(a) = 6*a**3 - 13*a**2 + 13*a - 11. Let c(s) = -5*j(s) + 6*m(s). Determine c(6).
-30
Let y be (-3)/3 + 8 + -2. Let t(p) be the first derivative of -p**4/12 + p**3 - 3*p**2/2 - 4*p + 5. Let c(w) be the first derivative of t(w). What is c(y)?
2
Let l(v) = -4 - 2 - 13*v + 12*v. Suppose 0 = 4*g, 3*g - 2*g = 3*r + 6. Let w be 1*(r + (-7 - -2)). What is l(w)?
1
Let b(f) be the first derivative of -f**7/840 - f**6/120 - f**5/60 + f**4/8 + 4*f**3/3 + 16. Let t(m) be the third derivative of b(m). What is t(-3)?
9
Let z(t) = -t**2 + 5*t + 3. Let f be z(7). Let j(l) = l**2 + 11*l + 5. Let c be j(f). Let h(s) = -s**3 + 4*s**2 + 4*s + 3. Give h(c).
-2
Let b(y) = -2*y**3 - 2*y**2 - 4*y - 17. Let v(h) = h**3 + 2*h + 8. Let w(g) = 3*b(g) + 5*v(g). Give w(-6).
1
Let y(i) = 2*i - 2. Let a be 7 + 3 + -3 + -1. Let t = a + 4. Let j be (8/(-6))/(t/15). What is y(j)?
-6
Let q(u) = u**2 + 5*u - 4. Let p = 52 + -40. Suppose -8*h - p = -6*h. What is q(h)?
2
Let x(n) be the second derivative of 11*n - 1/2*n**2 + 0 + 1/6*n**3. Give x(-7).
-8
Let d = -10 + 11. Let c(i) be the second derivative of 19*i**5/20 + i**2/2 + 2*i + 305. What is c(d)?
20
Let x = 3 + -9. Let f(t) = -t**3 + 7*t**2 + 6*t + 1. Let u be 3/(-5) - 2*5/25. Let q(b) = -b**3 + 1. Let h(n) = u*f(n) + 2*q(n). What is h(x)?
1
Let q(j) = -4*j - 6. Let u = 40 + -44. Let k(p) = 5*p + 6. Let n(t) = u*q(t) - 3*k(t). What is n(-6)?
0
Let q(f) = f**3 - 10*f**2 + 6*f + 6. Let i be 18/2 - 0/11. Determine q(i).
-21
Let y(s) = -7*s**3 + 8*s**2 + 11*s + 10. Let k(x) = -3*x**3 + 4*x**2 + 5*x + 5. Let u(q) = -9*k(q) + 4*y(q). Suppose 5*v + 88 = -17*v. What is u(v)?
-1
Let f(n) = -4*n**3 - 5*n**2 - 6*n - 4. Let z = 14 + -20. Let m(r) = -5*r**3 - 6*r**2 - 7*r - 5. Let u(q) = z*f(q) + 5*m(q). Give u(-2).
5
Let u(z) be the second derivative of z**7/840 + z**6/72 + z**5/40 + z**4/8 + 7*z**3/3 - z. Let r(h) be the second derivative of u(h). Determine r(-5).
-12
Let g = -94 - -100. Let b be (-16)/(-6) + g/18. Let a(m) = -m**3 + 1. Calculate a(b).
-26
Suppose -21 + 33 = 3*n. Let h be n/(-9) - 253/99. Let v(r) = r**3 + r**2 - 2*r - 2. Calculate v(h).
-14
Let j(f) = -790*f**3 + 6 + 791*f**3 - 7 - 8*f**2 + 5*f. Calculate j(6).
-43
Let i(x) be the first derivative of x**3/3 - 2*x + 1. Let b = 165 - 165. What is i(b)?
-2
Let z = -41 + 43. Let q(j) = -169*j**2 + 340*j**z + 1 - 166*j**2. Determine q(2).
21
Let l(i) = -i**3 + i**2 + 1. Let z(h) be the first derivative of -h**4/4 + h**3/3 + 2*h - 24. Let r(u) = -2*l(u) + z(u). What is r(-1)?
-2
Let q(k) = -4*k**2 + 17*k - 9. Let i(j) = -8 + 4*j + 21 - 15 - j**2. Let v(r) = -9*i(r) + 2*q(r). Determine v(2).
0
Let m(v) = 62 - 37*v - 15*v**2 + 16*v - v**3 + 7*v - 66. Give m(-14).
-4
Let f(t) = -5*t - 2. Let q = -44 - -62. Suppose i + q = 16. What is f(i)?
8
Let r(s) = 2*s**2 - 6. Let w be (0/(-1))/1 + -3. Determine r(w).
12
Let g(d) = -d**2 + 8*d - 9. Let p(u) = -u**2 + 8*u - 8. Let l(o) = 4*g(o) - 5*p(o). Let m be -8 - -9 - (-1 - -1 - 5). Calculate l(m).
-8
Let y(h) = -h**3 - 4*h**2 + 4*h + 3. Suppose 6*z - 2*z = -w - 17, 0 = 2*z + 4*w - 2. Determine y(z).
8
Let s = -174 + 178. Let b(m) = -m**3 + 4*m**2 - 2*m + 1. What is b(s)?
-7
Let q = -8 + 12. Suppose -2*w = -3*z + 10, -5*w - 25 = -2*z + q*z. Suppose 4*n + n - 25 = z. Let g(j) = -2*j + 1. Calculate g(n).
-9
Let a(m) = -m**3 - m**2 - 2. Suppose 0*d + 2*h - 10 = 2*d, -2*d - 7 = -h. Determine a(d).
2
Suppose -21*p + 23 - 23 = 0. Let y(k) = -k**3 + k**2 + k - 3. Calculate y(p).
-3
Let g(d) = 16*d**3 - 14*d**3 + 4 - 5. Calculate g(-1).
-3
Let c(x) = -x**3 + x**2 - 7 - x + 2*x**3 + 0*x**3. Let l(z) = -2*z**2 + 7*z + 11. Let i be l(4). Suppose o + o = -i*o. Give c(o).
-7
Let l(i) be the first derivative of i**2/2 + 53. What is l(-3)?
-3
Let r(o) = -11*o. Let h = -478 + 476. Determine r(h).
22
Suppose -2*x + 2 = 5*m - 5, 9 = 2*x + 3*m. Let t(p) = -5*p + 4. What is t(x)?
-26
Let n(f) = 4*f**2 + 15*f + 8. Let s(r) = -3*r**2 - 14*r - 9. Let x(w) = -2*n(w) - 3*s(w). Calculate x(-8).
-21
Let t(z) = -z**3 - 6*z**2 - 4*z - 5. Let j be -2*(-93)/6 - -1*2. Suppose j*f - 29*f = -20. Calculate t(f).
-10
Let r(t) = t - 11. Let b be r(11). Suppose b = 8*v - 11*v + 15. Let n(l) be the third derivative of l**4/24 - 11*l**3/6 + l**2. Determine n(v).
-6
Let h(g) = 1. Let m(z) be the first derivative of z**3/3 + 11*z - 4. Let u be 1/3 - 4/(-6). Let y(k) = u*m(k) - 2*h(k). Determine y(0).
9
Let l(t) = -7*t**2 - 2 + 0 + 198*t + 8*t**2 - 198*t. Calculate l(4).
14
Let s(c) = -5*c**2 + 0 + c**2 + c**3 - 1 + 9*c**2. Suppose 0*l - l = -0*l. Suppose l = g + 4 + 1. Give s(g).
-1
Let r = 82 - 76. Let t(x) = -4 - x**2 - r + 13 + 4*x. What is t(4)?
3
Suppose -4*b = -2*b - 14. Let j(k) = 0 - b - k + 5. Let n = 850 + -850. Calculate j(n).
-2
Suppose -x = l + 8, 2*l + 0*l = x + 5. Let i(f) = -58*f - 4 - 67*f + f**2 - 60*f + 192*f. Give i(x).
-4
Let v(q) = -2*q + 29. Let y(d) = -d + 14. Let z(g) = 2*v(g) - 5*y(g). Let f(i) = -3*i**2 - 118*i + 87. Let p be f(-40). Calculate z(p).
-5
Let h(w) = -w**2 + 4*w + 5. Suppose -152*q - 24 = -158*q. Let j be (-2)/q*4*-2. Determine h(j).
5
Let w(c) = c**3 + 5*c**2 - 7*c - 4. Suppose 2*p - 81 = -p. Let o = 163 - 157. Suppose -3*n = 3*f - o + p, -2*n - 5*f - 17 = 0. Determine w(n).
2
Let h be 3/(-2)*(5 - 7). Let l(d) = 1 + d + 3*d - 2 - h*d. Give l(-5).
-6
Let n(x) = 80*x + 85*x - 5 + 89*x - 258*x. Calculate n(-3).
7
Let s(w) = w**2 + 7*w + 2. Let c(g) = -g**3 + g**2 + 3*g - 3. Let q be c(-2). Suppose -4*p - q*z - 37 = 0, 0*p - 3*p = -5*z + 6. Calculate s(p).
2
Let j(d) = d**3 + 5*d**2 - 8*d - 7. Suppose 3*r = 2*c + 9 - 3, -3*r - 2*c + 18 = 0. Suppose 2*a + 2*a = -r. Let g be 8/a + (4 - 2). Calculate j(g).
5
Let x(o) = -o**2 - 1. Let h(n) = 2*n**2 + n - 6. Let q(y) = -h(y) + 5*x(y). Let g be (1/(-3))/(57/(-171)). What is q(g)?
-7
Let v = -8 - -10. Suppose -g - 15 = -5*w - 0*g, 4*w + 2*g + v = 0. Let n(d) = d**2 - 1. Let c(a) = a**2 - a - 1. Let z(q) = -c(q) + 2*n(q). Determine z(w).
5
Let y = -23 - -25. Let g(z) = 5*z**2 + 2 + 4*z + y - 4*z**2. Let w(s) = -2*s - 2. Let q(h) = -4*g(h) - 9*w(h). Calculate q(2).
-10
Let f(z) = -z**2 - 4*z - 2. Suppose 4*l + 2*y = -140, 4*y + 13 = l + 30. Let d(v) = v**3 + 13*v**2 + v - 15. Let t be d(-13). Let x = l - t. Give f(x).
-7
Suppose 3*m - 2*z - 21 = 0, -5*m + 57 = -2*z + 6*z. Let c be ((-6)/(-3) + -1)*(-2 + 2). Suppose c = m*o - 6*o. Let b(a) = -a**3 + 10. What is b(o)?
10
Let d = 2036 + -2036. Let f(m) = 8 - m**2 - m**3 - 5*m + 4*m + 0*m. What is f(d)?
8
Let q(j) be the second derivative of j**3/6 + j**2 - 32*j - 2. Suppose -124 = 3*o - 7*o - 2*t, 4*o - 3*t - 134 = 0. Suppose 5*n = -7 + o. Determine q(n).
7
Suppose 3*a = 9, -4*a - 2 = 5*o - 3*a. Suppose -3*m = -2*m - n, -m = -5*n + 8. Let i(z) = z**3 - z**2 - 3*z + 2*z + m*z**3 - z - 1. Calculate i(o).
-3
Let i(x) = -2*x - 5. Let y be 1/(2/10) + (-22)/11. Calculate i(y).
-11
Let d(b) be the third derivative of 5/24*b**4 + 1/60*b**5 + 0 + 0*b - 12*b**2 - b**3. Let j be d(-5). Let s(c) = c**2 + 4*c + 3. Calculate s(j).
15
Let l(o) = -5*o - 1. Let